hat are the prime factors of 518864483?
19, 3931, 6947
List the prime factors of 3869204941.
7, 83, 6659561
List the prime factors of 1359385271.
193, 7043447
List the prime factors of 75079917.
3, 11, 758383
What are the prime factors of 3448878157?
19, 29, 6259307
List the prime factors of 27836901.
3, 3092989
What are the prime factors of 3198205934?
2, 7, 11, 71, 26591
What are the prime factors of 2314337713?
2314337713
List the prime factors of 1391303629.
2129, 653501
List the prime factors of 50228550.
2, 3, 5, 23, 211
What are the prime factors of 1476670849?
1476670849
What are the prime factors of 417176590?
2, 5, 41717659
What are the prime factors of 2755661790?
2, 3, 5, 7, 1033, 12703
List the prime factors of 2318600081.
7, 31, 31151
List the prime factors of 294837.
3, 23, 4273
List the prime factors of 84925877.
19, 1447, 3089
List the prime factors of 71916618.
2, 3, 11986103
List the prime factors of 64340981.
71, 906211
List the prime factors of 2355346411.
11, 214122401
What are the prime factors of 17126167?
31, 113, 4889
List the prime factors of 2745187409.
2745187409
List the prime factors of 1766472784.
2, 439, 251491
What are the prime factors of 1975011699?
3, 523, 1258771
List the prime factors of 67673253.
3, 22557751
List the prime factors of 19673226.
2, 3, 139, 2621
What are the prime factors of 78213272?
2, 19, 514561
What are the prime factors of 3986383350?
2, 3, 5, 19, 1398731
What are the prime factors of 1286367250?
2, 5, 7, 735067
What are the prime factors of 822901784?
2, 102862723
List the prime factors of 2832693597.
3, 53, 1187, 5003
List the prime factors of 165032721.
3, 7, 97021
List the prime factors of 1487497203.
3, 29, 59, 10733
List the prime factors of 83150981.
83150981
List the prime factors of 193333670.
2, 5, 31, 431, 1447
What are the prime factors of 132928824?
2, 3, 7, 43, 18401
List the prime factors of 330027202.
2, 61, 2705141
What are the prime factors of 829282196?
2, 5179, 40031
List the prime factors of 2554417793.
41, 739, 84307
List the prime factors of 871941040.
2, 5, 23, 631, 751
What are the prime factors of 278686556?
2, 69671639
List the prime factors of 1152937946.
2, 7211, 79943
What are the prime factors of 3570674475?
3, 5, 17, 257, 641
What are the prime factors of 4467875722?
2, 2233937861
What are the prime factors of 778960822?
2, 19, 29, 53, 13337
List the prime factors of 1562424643.
13, 433, 277567
List the prime factors of 92501830.
2, 5, 31, 179, 1667
What are the prime factors of 13708011?
3, 4569337
What are the prime factors of 4642742315?
5, 928548463
What are the prime factors of 217373091?
3, 13, 19, 293351
List the prime factors of 229176621.
3, 2829341
What are the prime factors of 2534053070?
2, 5, 253405307
List the prime factors of 4337727.
3, 719, 2011
What are the prime factors of 133460942?
2, 97, 199, 3457
What are the prime factors of 1695222155?
5, 11, 37, 833033
List the prime factors of 361517.
13, 27809
List the prime factors of 76345446.
2, 3, 89, 142969
List the prime factors of 16344646.
2, 127, 229, 281
List the prime factors of 125238652.
2, 7, 11, 19, 21401
List the prime factors of 456680448.
2, 3, 7, 7079
List the prime factors of 40926866.
2, 73, 280321
What are the prime factors of 48310397?
2647, 18251
What are the prime factors of 123603318?
2, 3, 137, 50123
List the prime factors of 75929350.
2, 5, 7, 401, 541
What are the prime factors of 768525902?
2, 17, 1319, 17137
What are the prime factors of 667615602?
2, 3, 17, 641, 10211
What are the prime factors of 1613513693?
11, 146683063
List the prime factors of 834540102.
2, 3, 11, 241, 17489
What are the prime factors of 1334593501?
41, 313, 103997
List the prime factors of 4125555198.
2, 3, 229197511
List the prime factors of 6712521085.
5, 1342504217
What are the prime factors of 67184966?
2, 73, 460171
List the prime factors of 132872689.
3259, 40771
List the prime factors of 32779140.
2, 3, 5, 23, 23753
What are the prime factors of 400244297?
400244297
List the prime factors of 1076165291.
1076165291
What are the prime factors of 1113458847?
3, 223, 281, 5923
What are the prime factors of 6009051004?
2, 11, 136569341
List the prime factors of 187034137.
23, 29, 280411
List the prime factors of 72702654.
2, 3, 971, 12479
List the prime factors of 421093254.
2, 3, 70182209
List the prime factors of 471635715.
3, 5, 31442381
What are the prime factors of 348094259?
23, 1301, 11633
What are the prime factors of 51121459?
181, 282439
List the prime factors of 3654763899.
3, 1218254633
What are the prime factors of 17372590?
2, 5, 23, 75533
List the prime factors of 121252723.
121252723
What are the prime factors of 787789785?
3, 5, 29, 41, 44171
What are the prime factors of 44268540?
2, 3, 5, 737809
List the prime factors of 134533684.
2, 33633421
List the prime factors of 630857580.
2, 3, 5, 10514293
What are the prime factors of 539491135?
5, 107898227
List the prime factors of 513417469.
59, 8701991
What are the prime factors of 305588098?
2, 152794049
What are the prime factors of 3394001227?
17, 53, 373, 10099
List the prime factors of 1441441705.
5, 11, 419, 62549
What are the prime factors of 127710535?
5, 25542107
What are the prime factors of 1673589816?
2, 3, 2089, 3709
List the prime factors of 365422230.
2, 3, 5, 347, 11701
What are the prime factors of 150828548?
2, 13, 1451, 1999
List the prime factors of 31535596.
2, 7883899
What are the prime factors of 454021990?
2, 5, 4723, 9613
List the prime factors of 23042040.
2, 3, 5, 7, 27431
What are the prime factors of 34275312?
2, 3, 53, 499
List the prime factors of 2008495321.
7, 47, 6104849
List the prime factors of 4890303072.
2, 3, 31, 20287
What are the prime factors of 352445878?
2, 929, 189691
What are the prime factors of 199779369?
3, 59, 1128697
List the prime factors of 2179952650.
2, 5, 19, 23, 59, 89
What are the prime factors of 65501343?
3, 29, 250963
What are the prime factors of 13644939?
3, 7, 11, 59069
List the prime factors of 383842584.
2, 3, 23, 77263
List the prime factors of 18607570.
2, 5, 1860757
List the prime factors of 157874252.
2, 89, 443467
List the prime factors of 76683632.
2, 4792727
List the prime factors of 330625720.
2, 5, 107, 77249
What are the prime factors of 102756543?
3, 34252181
What are the prime factors of 627864411?
3, 607, 344791
What are the prime factors of 333992222?
2, 19, 929, 9461
List the prime factors of 213220754.
2, 106610377
List the prime factors of 164216311.
7, 17, 1379969
List the prime factors of 755486911.
19, 23, 137, 12619
List the prime factors of 84245788.
2, 11, 907, 2111
List the prime factors of 26300116.
2, 6575029
List the prime factors of 3191325814.
2, 31, 613, 83969
List the prime factors of 309333667.
757, 408631
What are the prime factors of 524695529?
269, 727, 2683
What are the prime factors of 104627999?
7, 14946857
List the prime factors of 2747314.
2, 1051, 1307
What are the prime factors of 2792017245?
3, 5, 139, 1339097
What are the prime factors of 104423310?
2, 3, 5, 41, 9433
What are the prime factors of 2051252827?
13, 17, 179, 51853
List the prime factors of 4899362881.
7, 37, 71, 157, 1697
What are the prime factors of 57853?
57853
What are the prime factors of 2588738323?
2588738323
List the prime factors of 537704450.
2, 5, 137, 78497
List the prime factors of 144571422.
2, 3, 23, 79, 89, 149
What are the prime factors of 967818477?
3, 59, 5467901
List the prime factors of 1154567191.
61, 577, 32803
List the prime factors of 1760330271.
3, 7, 109, 769039
What are the prime factors of 10896740?
2, 5, 544837
List the prime factors of 1712726117.
1913, 895309
List the prime factors of 28662776.
2, 1619, 2213
What are the prime factors of 19605430?
2, 5, 13, 23, 79, 83
List the prime factors of 8100253.
7, 1157179
What are the prime factors of 27517041?
3, 467, 6547
What are the prime factors of 1151411162?
2, 11, 419, 124909
What are the prime factors of 79004015?
5, 17, 929459
List the prime factors of 4528296640.
2, 5, 7, 29, 69709
What are the prime factors of 1712281057?
89, 1061, 18133
What are the prime factors of 153769386?
2, 3, 17, 71, 1249
What are the prime factors of 193710928?
2, 19, 113, 5639
What are 